{"id":356,"date":"2015-05-13T09:16:35","date_gmt":"2015-05-13T08:16:35","guid":{"rendered":"http:\/\/www.porc-authentique.com\/?page_id=356"},"modified":"2016-10-16T20:53:06","modified_gmt":"2016-10-16T19:53:06","slug":"les-bouchers","status":"publish","type":"page","link":"https:\/\/www.porc-authentique.com\/?page_id=356","title":{"rendered":"les bouchers"},"content":{"rendered":"<div style=\"background-repeat: no-repeat;\"><p>Les bouchers partenaires de la fili\u00e8re ont choisi, avec <strong>Le Porc Authentique, \u00e9lev\u00e9 sur paille,<\/strong>\u00a0 de s&#8217;engager pour proposer une viande porcine locale et de qualit\u00e9, respectueuse de l&#8217;environnement, tout en garantissant un prix r\u00e9mun\u00e9rateur \u00e0 l&#8217;\u00e9leveur. Ils sont aussi, en fins connaisseurs de la qualit\u00e9 de la viande, les meilleurs d\u00e9fenseurs du produit et de son go\u00fbt!<\/p>\n<p>Pour trouver la liste des bouchers partenaires, consulter la page <a href=\"https:\/\/www.porc-authentique.com\/?page_id=28\">&#8220;O\u00f9 trouver le Porc Authentique \u00e9lev\u00e9 sur paille ?&#8221;<\/a><\/p>\n<\/div>","protected":false},"excerpt":{"rendered":"<p>Les bouchers partenaires de la fili\u00e8re ont choisi, avec Le Porc Authentique, \u00e9lev\u00e9 sur paille,\u00a0 de s&#8217;engager pour proposer une viande porcine locale et de qualit\u00e9, respectueuse de l&#8217;environnement, tout en garantissant un prix r\u00e9mun\u00e9rateur \u00e0 l&#8217;\u00e9leveur. Ils sont aussi, en fins connaisseurs de la qualit\u00e9 de la viande, les meilleurs d\u00e9fenseurs du produit et &hellip; <a href=\"https:\/\/www.porc-authentique.com\/?page_id=356\" class=\"more-link\">Lire la suite de <span class=\"screen-reader-text\">les bouchers<\/span><\/a><\/p>\n","protected":false},"author":4,"featured_media":0,"parent":336,"menu_order":20,"comment_status":"open","ping_status":"open","template":"","meta":{"footnotes":""},"_links":{"self":[{"href":"https:\/\/www.porc-authentique.com\/index.php?rest_route=\/wp\/v2\/pages\/356"}],"collection":[{"href":"https:\/\/www.porc-authentique.com\/index.php?rest_route=\/wp\/v2\/pages"}],"about":[{"href":"https:\/\/www.porc-authentique.com\/index.php?rest_route=\/wp\/v2\/types\/page"}],"author":[{"embeddable":true,"href":"https:\/\/www.porc-authentique.com\/index.php?rest_route=\/wp\/v2\/users\/4"}],"replies":[{"embeddable":true,"href":"https:\/\/www.porc-authentique.com\/index.php?rest_route=%2Fwp%2Fv2%2Fcomments&post=356"}],"version-history":[{"count":3,"href":"https:\/\/www.porc-authentique.com\/index.php?rest_route=\/wp\/v2\/pages\/356\/revisions"}],"predecessor-version":[{"id":503,"href":"https:\/\/www.porc-authentique.com\/index.php?rest_route=\/wp\/v2\/pages\/356\/revisions\/503"}],"up":[{"embeddable":true,"href":"https:\/\/www.porc-authentique.com\/index.php?rest_route=\/wp\/v2\/pages\/336"}],"wp:attachment":[{"href":"https:\/\/www.porc-authentique.com\/index.php?rest_route=%2Fwp%2Fv2%2Fmedia&parent=356"}],"curies":[{"name":"wp","href":"https:\/\/api.w.org\/{rel}","templated":true}]}}