{"id":334,"date":"2015-05-13T09:06:44","date_gmt":"2015-05-13T08:06:44","guid":{"rendered":"http:\/\/www.porc-authentique.com\/?page_id=334"},"modified":"2022-09-01T13:41:36","modified_gmt":"2022-09-01T12:41:36","slug":"une-certification-participative","status":"publish","type":"page","link":"https:\/\/www.porc-authentique.com\/?page_id=334","title":{"rendered":"Une certification participative"},"content":{"rendered":"<div style=\"background-repeat: no-repeat;\"><p>Pour garantir le respect du cahier des charges de la Marque &#8220;Porc Authentique, \u00e9lev\u00e9 sur paille&#8221; l&#8217;association R\u00e9seau Coh\u00e9rence organise r\u00e9guli\u00e8rement des s\u00e9ances de certification participative.<\/p>\n<p>La certification e<a href=\"https:\/\/www.porc-authentique.com\/wp-content\/uploads\/2015\/05\/certification-participative.png\"><img loading=\"lazy\" decoding=\"async\" class=\" wp-image-486 alignleft\" src=\"https:\/\/www.porc-authentique.com\/wp-content\/uploads\/2015\/05\/certification-participative.png\" alt=\"certification-participative\" width=\"143\" height=\"141\" \/><\/a>st d\u00eetes participative, car elle n&#8217;est pas r\u00e9alis\u00e9e par un organisme technique tiers sp\u00e9cialis\u00e9 dans le contr\u00f4le de cahiers des charges. La certification participative se veut ouverte \u00e0 la soci\u00e9t\u00e9 civile, et est autant un temps d&#8217;\u00e9changes et de partage qu&#8217;un temps d&#8217;\u00e9valuation des pratiques de l&#8217;\u00e9leveur.<\/p>\n<p>Lors d&#8217;une s\u00e9ance de certification participative, apr\u00e8s une visite technique r\u00e9alis\u00e9e par Coh\u00e9rence, consommateurs, riverains, et associations environnementales sont invit\u00e9s \u00e0 visiter les fermes de la fili\u00e8re pour garantir l&#8217;engagement des producteurs. Leur avis est pris en compte dans la d\u00e9cision de renouveler ou non la labellisation &#8220;Porc Authentique&#8221;.<\/p>\n<p>Ce dialogue entre l&#8217;\u00e9leveur et la soci\u00e9t\u00e9 civile permet de cr\u00e9er de la confiance, du lien social. Il permet \u00e0 chaque acteur de mieux comprendre les contraintes et les attentes de chacun.<\/p>\n<p>Ces s\u00e9ances sont aussi l&#8217;occasion pour l&#8217;\u00e9leveur de faire un point sur ses pratiques et de s&#8217;engager \u00e0 les am\u00e9liorer, dans une d\u00e9marche de progr\u00e8s continu.<\/p>\n<figure id=\"attachment_383\" aria-describedby=\"caption-attachment-383\" style=\"width: 464px\" class=\"wp-caption aligncenter\"><a href=\"https:\/\/www.porc-authentique.com\/wp-content\/uploads\/2015\/05\/P5120504.jpg\"><img loading=\"lazy\" decoding=\"async\" class=\" wp-image-383\" src=\"https:\/\/www.porc-authentique.com\/wp-content\/uploads\/2015\/05\/P5120504.jpg\" alt=\"certification participative chez Norbert Lesn\u00e9\" width=\"464\" height=\"348\" \/><\/a><figcaption id=\"caption-attachment-383\" class=\"wp-caption-text\">Certification participative chez Norbert Lesn\u00e9<\/figcaption><\/figure>\n<\/div>","protected":false},"excerpt":{"rendered":"<p>Pour garantir le respect du cahier des charges de la Marque &#8220;Porc Authentique, \u00e9lev\u00e9 sur paille&#8221; l&#8217;association R\u00e9seau Coh\u00e9rence organise r\u00e9guli\u00e8rement des s\u00e9ances de certification participative. La certification est d\u00eetes participative, car elle n&#8217;est pas r\u00e9alis\u00e9e par un organisme technique tiers sp\u00e9cialis\u00e9 dans le contr\u00f4le de cahiers des charges. La certification participative se veut ouverte &hellip; <a href=\"https:\/\/www.porc-authentique.com\/?page_id=334\" class=\"more-link\">Lire la suite de <span class=\"screen-reader-text\">Une certification participative<\/span><\/a><\/p>\n","protected":false},"author":4,"featured_media":0,"parent":338,"menu_order":400,"comment_status":"closed","ping_status":"open","template":"","meta":{"footnotes":""},"_links":{"self":[{"href":"https:\/\/www.porc-authentique.com\/index.php?rest_route=\/wp\/v2\/pages\/334"}],"collection":[{"href":"https:\/\/www.porc-authentique.com\/index.php?rest_route=\/wp\/v2\/pages"}],"about":[{"href":"https:\/\/www.porc-authentique.com\/index.php?rest_route=\/wp\/v2\/types\/page"}],"author":[{"embeddable":true,"href":"https:\/\/www.porc-authentique.com\/index.php?rest_route=\/wp\/v2\/users\/4"}],"replies":[{"embeddable":true,"href":"https:\/\/www.porc-authentique.com\/index.php?rest_route=%2Fwp%2Fv2%2Fcomments&post=334"}],"version-history":[{"count":4,"href":"https:\/\/www.porc-authentique.com\/index.php?rest_route=\/wp\/v2\/pages\/334\/revisions"}],"predecessor-version":[{"id":1090,"href":"https:\/\/www.porc-authentique.com\/index.php?rest_route=\/wp\/v2\/pages\/334\/revisions\/1090"}],"up":[{"embeddable":true,"href":"https:\/\/www.porc-authentique.com\/index.php?rest_route=\/wp\/v2\/pages\/338"}],"wp:attachment":[{"href":"https:\/\/www.porc-authentique.com\/index.php?rest_route=%2Fwp%2Fv2%2Fmedia&parent=334"}],"curies":[{"name":"wp","href":"https:\/\/api.w.org\/{rel}","templated":true}]}}